What is h(a)?
-4
Let h(x) = -x**2 + 6*x - 9. Let k be h(0). Let i(t) = -t**2 - 10*t - 12. Give i(k).
-3
Let q(m) = m**2 - 5*m - 3. Suppose 0*x = -4*j - 5*x + 1, -6 = 2*x. Give q(j).
-7
Let c(f) = -4 - 2*f**3 + 3*f**2 - 4211*f + 3*f**3 + 0*f**2 + 4191*f. Determine c(-6).
8
Let z(q) = q + 22. Let a = -1269 + 1269. Determine z(a).
22
Let k(b) = 6*b**2 - 5*b - 2. Let c(p) = -7*p**2 + 6*p + 1. Let s(q) = 5*c(q) + 6*k(q). Suppose 4*g - 2*i = -0*i - 4, -4*g - 6 = -3*i. Give s(g).
-7
Let c(n) = 0*n**3 - 3 - 2*n**3 + 4 + 3*n**3 - 4*n**2. Let m(r) = r**2 + 3*r - 4. Let l be m(-4). Suppose 2*z = 4*j - l*j - 22, 3*j = 2*z + 18. What is c(j)?
1
Let m(x) = -x**3 - 3*x**2 - 2. Let q be ((-12)/14)/(3/21*1). Let s be q - (-4 + 0 - (1 - 1)). Give m(s).
-6
Let m(k) = -19*k**2 - 22*k - 11. Let n(d) = -7*d**2 - 8*d - 4. Let x(h) = 4*m(h) - 11*n(h). Determine x(-2).
4
Let z(g) = 10*g. Let b = 81 - 76. Suppose 0 = h - 6*h - b. Calculate z(h).
-10
Let m = 5 + -2. Let c(u) = u**3 - 15*u**2 + u**m - 2*u - 3 - u**3 + 17*u**2. Let g be 8/(-12)*(5 - 2). Give c(g).
1
Let v(d) be the first derivative of d**3 - d**2 - 4*d - 86. What is v(-3)?
29
Let t(u) = -u**2 + 2*u - 2. Let m(r) = 3*r - 1. Let a be m(1). Let k = -198 + 200. Suppose -g + a*g = k. Calculate t(g).
-2
Let u(g) = 4*g - 18. Let z(l) = -3*l + 10. Let o(t) = -3*u(t) - 5*z(t). Determine o(-3).
-5
Let o(w) = -4*w. Suppose -3*d + 6 + 0 = 0. Let x = 2 - d. Suppose -5*g + 2*g - 6 = x. Determine o(g).
8
Let k(l) = -5*l + 2. Let w be (-720)/135*3*(-3)/6. What is k(w)?
-38
Suppose -2*i = 4*g - 6, 0 = -i - 2*i - 9. Let q(p) = -p**2 + 6*p - 5. Calculate q(g).
4
Let y(l) = -l**3 - 3*l**2 - l. Let w(h) = -3*h**3 + 11*h**2 - 2*h + 2. Let u(q) = -w(q) + 2*y(q). What is u(17)?
-2
Let v(w) = -w**3 + 6*w**2 + 6*w + 7. Let m be v(7). Let z(h) = -h**3 + 27*h**2 + 2*h - 36. Let s be z(27). Let u(d) = d + 15 - 36 + s + d**2. Determine u(m).
-3
Let w(r) be the first derivative of -r**2/2 - 17*r - 88. Calculate w(-7).
-10
Suppose 30*n - 19 - 11 = 0. Let t(v) = 2*v**3 - 2*v**2 + 4*v - 1. Determine t(n).
3
Let x(h) = -2*h**2 + 3*h. Let a(d) = 9*d - 21*d + 6*d - 2*d**2 + 10*d. Let b(v) = 3*a(v) - 4*x(v). Give b(1).
2
Let z(g) be the second derivative of g**4/3 + g**3/3 + g**2/2 - 3*g - 4. Determine z(-2).
13
Let y = -41 + 41. Let r(v) = -v**3 + 1 + v**3 + 1 - v**3. What is r(y)?
2
Let p(d) = 4*d**3 + 5*d**2 - 8*d + 7. Let g(m) = 5*m**3 + 7*m**2 - 9*m + 8. Let o(c) = 5*g(c) - 6*p(c). Let u = 2 - 5. Give o(u).
7
Let p(u) = u**3 + 5*u**2 + u - 1. Let y be (-3 - (-63)/(-3))*-1. Let k = y - -57. Let c be (-10)/(-25) - k/15. Give p(c).
-6
Let t(c) = -3*c + 1 - c + 8*c + 7*c. Let k be (455/(-10))/13*2/(-7). Give t(k).
12
Let d(b) = b**2 + 4*b. Suppose 3*o - 69 = 6. Suppose 2*n = -4*w + 8, 5*n + 2*w - w = -o. Calculate d(n).
12
Suppose 6*u - 220 = 2*u. Let n = -56 + u. Let v(o) = 3*o**3 + o + 1. Give v(n).
-3
Suppose -5*m - 17 = 2*k, -4*k - 3*m = -m + 26. Let f(q) = 3*q + 13. What is f(k)?
-5
Let s be -4*(-2)/(-8) + (-72)/4. Let z(o) = 2*o + 40. Determine z(s).
2
Let k(n) = -10*n - 11. Suppose -1 + 23 = -2*t. Let p(y) = 2*y + 2. Let f(l) = t*p(l) - 2*k(l). Give f(3).
-6
Let q(c) = -108 - 3*c**2 + 215 - 106. What is q(1)?
-2
Let u(l) = 2*l**3 + 10 + 19*l**2 + 5 - 34 + 9 - 11*l. Determine u(-10).
0
Let f(m) = 25*m**3 - m**2 + 2*m + 5. Let l = 138 - 133. Let v(w) = -13*w**3 - w - 2. Let d(n) = l*v(n) + 2*f(n). Calculate d(-1).
14
Suppose -w + 2*l = 0, 3*w - 2*l = l - 6. Let f be (-4 - (3 - 3))*-1. Let z(o) = -5 - 2*o + f + 0*o + 2. Determine z(w).
9
Let m(x) = x**3 + 4*x**2 - 3*x + 3. Suppose 3*j + j - 2*h = -48, -5*j - h - 53 = 0. Let r be (-8)/44 - (-9)/j. Let z be (-3)/2*4 - r. Calculate m(z).
-7
Let f(h) = -h**2 - 8 + 1 + 0*h**2 + 5 + 6*h. What is f(9)?
-29
Let p(j) be the second derivative of -j**7/840 + j**6/72 - j**5/120 + j**4/24 - 9*j**3/2 - 9*j. Let m(u) be the second derivative of p(u). Give m(5).
-4
Let c(v) = 9*v**2 - 3*v - 3. Let m(g) = 11*g**2 - 3*g - 4. Let z(l) = 6*c(l) - 5*m(l). Determine z(-5).
-8
Let l(v) = -v - 4. Let c = -460 + 451. Give l(c).
5
Let v(p) = 4 + 90*p - 176*p + 88*p. What is v(3)?
10
Suppose l = -5*l + 24. Let j be (-3 + 21/6)*l. Suppose -5*y + 12 = j. Let z(x) = x**3 - 2*x**2 + 2*x - 3. Calculate z(y).
1
Let g(k) = -k - 15. Let f be g(-10). Let q(p) = p**3 + 7*p**2 + 3*p + 6. Give q(f).
41
Let y(c) be the first derivative of -7*c**3/3 + c**2 + c + 33. Give y(-1).
-8
Let t(l) = -l**3 + 12*l**2 - 12*l + 9. Let y = 243 - 232. Calculate t(y).
-2
Let s = -9 - -4. Let c(l) = l**3 + 6*l**2 + 5*l + 8. Let n(j) = -j**3 - 6*j**2 - 5*j - 9. Let d(r) = -6*c(r) - 5*n(r). What is d(s)?
-3
Let s(d) = -d**3 + 4*d**2 - 3*d + 2. Let f be s(3). Suppose -f*p = 2*p - 40. Suppose -5*v = 10 + p. Let n(a) = 3*a + 3. Give n(v).
-9
Let p(t) = -t**3 + 6*t**2 - 3*t - 2. Let i(n) = -3*n**2. Let b(l) = -3*i(l) - p(l). Calculate b(-3).
-7
Let f(q) = -2*q**3 + q**2 - q + 6. Let a be f(-3). Suppose 2*k - a = -6*k. Let p(n) = -n**2 + 11*n - 11. Calculate p(k).
7
Let y(n) = n - 5. Let m be y(8). Suppose 7 = -m*u - 2. Let f(z) = 8*z - 3. Let s(q) = 23*q - 9. Let x(t) = 17*f(t) - 6*s(t). What is x(u)?
9
Let o(r) = -r**2 + 8*r - 8. Let m(i) = 7*i - 7. Let d(q) = -6*m(q) + 5*o(q). Let l = -5134 + 5132. Determine d(l).
-14
Let f(k) be the third derivative of k**4/8 + 29*k**3/6 + 114*k**2 + 2*k. Give f(-8).
5
Let l(j) = -j**3 + 11*j**2 + 12*j + 12. Let a(h) = 3*h**3 - 31*h**2 - 35*h - 34. Let s(w) = -4*a(w) - 11*l(w). Give s(4).
20
Let f(y) be the third derivative of y**5/60 + y**4/24 - y**3/2 - 5*y**2 - 2*y. Give f(-3).
3
Let h(i) = -4*i**2 - 175*i + 53. Let r be h(-44). Let u(j) = j**3 - 10*j**2 + 6*j + 22. Calculate u(r).
-5
Suppose n - 13 = u, 5*n + 14 = -2*u + 3*n. Let f be ((-66)/55)/(-1 + (-6)/u). Let c(y) = y**2 - 3*y. What is c(f)?
0
Let h(k) be the third derivative of -k**5/60 - 5*k**4/12 - 5*k**3/3 - 552*k**2. Give h(-8).
6
Let k(g) be the second derivative of -g**3/3 - g**2/2 + 64*g. Determine k(2).
-5
Let m(a) = a + 14. Suppose 0 = 4*p + 20, -5*r - p - p = 0. Suppose -5*q + 0*q = 2*g - 4, 5*g = 10. Suppose q = -3*h + r*h - 6. Give m(h).
8
Let f be 126/70 - (-1)/5. Let g(t) = -f*t - 3*t + 4*t + 0 - 3 + t**2. Determine g(4).
9
Let p(w) = -w**2 - 6*w + 17. Let m(u) = 35*u + 168. Let y be m(-5). Calculate p(y).
10
Suppose -112 = -33*g - 13. Let d(m) be the second derivative of -m + 1/6*m**4 - 1/20*m**5 + 0*m**2 - 1/3*m**g + 0. Calculate d(2).
-4
Let x(j) be the second derivative of -j**3/6 + j**2/2 - 4*j. Let m = -48 + 45. Determine x(m).
4
Let h(q) = q + 10. Let b = 220 + -213. Calculate h(b).
17
Let c(w) = w**3 - 11*w**2 + 9*w + 6. Suppose -31 - 39 = -7*z. Calculate c(z).
-4
Let t(r) be the second derivative of r**5/20 + r**4/2 + r**3 - r**2 - 3*r. Suppose 8*p - 10*p - 10 = 0. What is t(p)?
-7
Let d(g) = -g**3 - g**2 - g + 1. Let q(f) = -5*f**3 + 2*f**2 + 5*f + 1. Let h(o) = -4*d(o) + q(o). Give h(7).
11
Let v(l) = -2*l - 3. Suppose -3*k = -m + 18, -2*m + 122 = 3*m + k. Let b = 34 - m. Suppose 6 = p + b. Give v(p).
5
Let i(f) = 2*f**3 - 5*f**2 - 7*f + 1. Let j(g) = g**3 + g**2 + 2*g**2 - 3*g + 1 - 4*g**2 - g**2. Let w(s) = -3*i(s) + 5*j(s). Determine w(6).
2
Suppose 5*n - n + 19 = f, -5*f + 4*n = -31. Suppose -f*a = -3*j - 27, -4*j + 3 - 42 = -5*a. Let p(g) = -g - 8. Give p(j).
-2
Let x(o) = 0*o + 3*o + 8 - o**3 - o**2 - 6*o**2 - 2*o. Let f(n) = -3*n**3 - 21*n**2 + 25*n + 1. Let d be f(-8). Calculate x(d).
1
Let z be ((-9)/15)/(9/45*-1). Let i(g) be the first derivative of 3*g**2 + 4*g - 1 + 1/3*g**z. What is i(-6)?
4
Let o(z) be the third derivative of z**4/24 + z**3/3 + 218*z**2. Calculate o(7).
9
Let f(x) be the second derivative of -5/2*x**2 + 1/20*x**5 - 7/6*x**3 + 5/12*x**4 + 0 + 15*x. Determine f(-6).
1
Suppose s = 5*h + 41, h = -24*s + 20*s - 4. Let b(p) = 5*p + 35. What is b(h)?
-5
Let x(z) = -z - 3*z - z**2 + 5*z + 2 + 0*z. Let d be (0/(-1))/(0 - -3). What is x(d)?
2
Let m(h) = -3*h + 2*h + 9 + 3*h. Let l(g) = 2 - 17*g + 19*g + 6. Let w(p) = 5*l(p) - 4*m(p). Calculate w(-3).
-2
Suppose -91*l - 40 = -83*l. Let y(u) be the third derivative of u**5/60 + u**4/4 + u**3/2 + 2*u**2. What is y(l)?
-2
Let k(x) = -x**2 - 4*x + 5. Let f = 51 + -31. Let i be 6/(-3)*2*25/f. Calculate k(i).
0
Let t(x) = x + 13. Suppose -6*f - 8 = 28. Determi